{"id":9137,"date":"2022-09-02T12:04:08","date_gmt":"2022-09-02T16:04:08","guid":{"rendered":"https:\/\/joinpasidev.org\/?page_id=9137"},"modified":"2024-10-29T15:34:45","modified_gmt":"2024-10-29T19:34:45","slug":"senate_s1302_final","status":"publish","type":"page","link":"https:\/\/joinpasidev.org\/index.php\/senate_s1302_final\/","title":{"rendered":"Senate_s1302_Final"},"content":{"rendered":"\t\t<div data-elementor-type=\"wp-page\" data-elementor-id=\"9137\" class=\"elementor elementor-9137\" data-elementor-post-type=\"page\">\n\t\t\t\t\t\t\t\t\t<section class=\"elementor-section elementor-top-section elementor-element elementor-element-e8215eb elementor-section-boxed elementor-section-height-default elementor-section-height-default\" data-id=\"e8215eb\" data-element_type=\"section\">\n\t\t\t\t\t\t<div class=\"elementor-container elementor-column-gap-default\">\n\t\t\t\t\t<div class=\"elementor-column elementor-col-100 elementor-top-column elementor-element elementor-element-ae03d66\" data-id=\"ae03d66\" data-element_type=\"column\">\n\t\t\t<div class=\"elementor-widget-wrap elementor-element-populated\">\n\t\t\t\t\t\t\t\t<div class=\"elementor-element elementor-element-328fd83 elementor-widget elementor-widget-html\" data-id=\"328fd83\" data-element_type=\"widget\" data-widget_type=\"html.default\">\n\t\t\t\t<div class=\"elementor-widget-container\">\n\t\t\t<br class=\"english\" \/>\n<div id=\"FinalMessage\" style=\"display:none\">\n    <h5 style=\"color: darkgreen;text-align:center;\" class=\"english\"><b>Your Email has been sent to Senator <span class=\"HiddenSenator\"><\/span>.<\/b><\/h5>\n    <h5 style=\"color: darkgreen;text-align:center;display:none\" class=\"polish\"><b>Email zosta\u0142 wys\u0142any do <span id=\"HiddenSenatorNazwa\"><\/span>&nbsp;(<span class=\"HiddenSenator\"><\/span>).<\/b><\/h5>\n<\/div>\n<br \/>\n<div class=\"personemailerror\" style=\"display:none\">\n    <br \/>\n    <h5 class=\"english\" style=\"color:red\">\n        <b class=\"personemailerrorenglish\">\n        <\/b>\n    <\/h5>\n    <h5 class=\"polish\" style=\"display:none;color:red;\">\n        <b class=\"personemailerrorpolish\">\n        <\/b>\n    <\/h5>\n<\/div>\n<div class=\"inserterrorsendemail\" style=\"display:none\">\n    <br \/>\n    <h5 class=\"english\" style=\"color:red\">\n        <b class=\"inserterrorsendemailenglish\">\n        <\/b>\n    <\/h5>\n    <h5 class=\"polish\" style=\"display:none;color:red;\">\n        <b class=\"inserterrorsendemailpolish\">\n        <\/b>\n    <\/h5>\n<\/div>\n<div class=\"exception_send_error\" style=\"display:none\">\n    <br \/>\n    <h5 style=\"color:red\">\n        <b class=\"exception_error_message\">\n        <\/b>\n    <\/h5>\n<\/div>\n<br \/>\n<br \/>\n<div id=\"RefreshPageHeader\" style=\"text-align:center;display:none\">\n    <div class=\"elementor-element elementor-element-78901e0 elementor-align-center elementor-mobile-align-center elementor-widget__width-auto elementor-widget-mobile__width-initial elementor-widget elementor-widget-button\" data-id=\"78901e0\" data-element_type=\"widget\" data-widget_type=\"button.default\" id=\"RefreshPageBlock\">\n        <div class=\"elementor-widget-container\">\n            <div class=\"elementor-button-wrapper\">\n                <a href=\"javascript:void(0)\" id=\"RefreshPage\" class=\"elementor-button-link elementor-button elementor-size-sm\" role=\"button\">\n                    <span class=\"elementor-button-content-wrapper\">\n                        <span class=\"elementor-button-text\">\n                            <span class=\"english\" style=\"\">\n                                Start Over\n                            <\/span>\n                            <span class=\"polish\" style=\"display:none;\">\n                                Rozpocznij Ponownie\n                            <\/span>\n                        <\/span>\n                    <\/span>\n                <\/a>\n            <\/div>\n        <\/div>\n    <\/div>\n<\/div>\n<script>\n\n    var offjoin;\n\n    var wait_remove_active;\n\n    var senatepage = \"senate_s1302\";\n\n    function joinoff() {\n        var navig = jQuery(\".menu-item-633\").eq(0);\n\n        navig = navig.children().eq(0);\n\n        navig.removeClass(\"elementor-item-active\");\n\n        navig.attr(\"id\", \"joinpasimenu\");\n\n        clearInterval(offjoin);\n    }\n\n    function remove_active() {\n        if (footer_clicked) {\n            if (!($(\"#joinpasimenu\").hasClass(\"elementor-item-active\"))) {\n                $(\"#joinpasimenu\").addClass(\"elementor-item-active\");\n\n                clearInterval(wait_remove_active);\n            }\n        }\n        else if ($(\"#joinpasimenu\").hasClass(\"elementor-item-active\")) {\n            $(\"#joinpasimenu\").removeClass(\"elementor-item-active\");\n        }\n    }\n\n    $(window).load(function () {\n        function getParameterByName(name, url = window.location.href) {\n            name = name.replace(\/[\\[\\]]\/g, '\\\\$&');\n            var regex = new RegExp('[?&]' + name + '(=([^&#]*)|&|#|$)'),\n                results = regex.exec(url);\n            if (!results) return null;\n            if (!results[2]) return '';\n            return decodeURIComponent(results[2].replace(\/\\+\/g, ' '));\n        }\n\n        offjoin = setInterval(joinoff, 100);\n\n        wait_remove_active = setInterval(remove_active, 300);\n\n        var Nazwa = getParameterByName('Nazwa');\n        var Senator = getParameterByName('Senator');\n        var EmailFrom = getParameterByName('EmailFrom');\n        var FirstName = getParameterByName('FirstName');\n        var LastName = getParameterByName('LastName');\n\n        $(\"#HiddenSenatorNazwa\").html(Nazwa);\n        $(\".HiddenSenator\").html(Senator);\n\n        $(\"#FinalMessage\").show();\n        $(\"#RefreshPageHeader\").show();\n\n        var personname = FirstName + \" \" + LastName;\n\n        var emailperson = EmailFrom;\n\n        var actiontype = \"S 597 Email to Senator \" + Senator;\n\n        var testprefix = \"Test \";\n\n        var subject = \"Please Cosponsor S. 597 - Repeal the WEP and GPO\";\n\n        var liveemail = isLive.status;\n\n        if (!liveemail) {\n            subject = testprefix + subject;\n        }\n\n        $(\".personemailerrorenglish\").html(\"Please Correct Your Email Address and Send Again Email to Senator by Clicking on Button <span style='color:#61CE70'>Start Over<\/span>\");\n        $(\".personemailerrorpolish\").html(\"Prosz\u0119 Poprawi\u0107 Sw\u00f3j Adres Emailowy i Wys\u0142a\u0107 Ponownie Email do Senatora Klikaj\u0105c na Przycisk <span style='color:#61CE70'>Rozpocznij Ponownie<\/span>\");\n\n        $(\".personemailerror\").hide();\n        $(\".exception_send_error\").hide();\n        $(\".inserterrorsendemail\").hide();\n\n        $.ajax({\n            type: Call_Type,\n            url: Call_Path + 'Confirm_Email_Sent.php',\n            data: {\n                ActionType: actiontype,\n                Subject: subject,\n                PersonName: personname,\n                EmailPerson: emailperson\n            },\n            success: function (result) {\n\n                result = result.trim();\n\n                if (result.indexOf(\"wrong person email\") != -1) {\n                    $(\".personemailerror\").show();\n                }\n                else if (result.indexOf(Message_space) != -1) {\n                    result = result.replace(Message_space, \"\");\n                    result = hiddennewline + \"<span>\" + result + \"<\/span>\";\n                    Show_ConError(result, \"\", \"\");\n                }\n                else if (result.indexOf(\"conerror\") != -1) {\n                    result = result.replace(\"conerror \", \"\");\n                    if (result.indexOf(\"noconnection\") == -1) {\n                        var resultpolish = result;\n                        result = result.replace(\"noconnection\", \"No Connection With Database\")\n                        $(\".inserterrorsendemailenglish\").html(result);\n                        resultpolish = resultpolish.replace(\"noconnection\", \"Brak po\u0142\u0105czenia z Baz\u0105 Danych\");\n                        $(\".inserterrorsendemailpolish\").html(resultpolish);\n                    }\n                    else {\n                        $(\".inserterrorsendemailenglish\").html(result);\n                        if (result.indexOf(\"inserting\") != -1) {\n                            result = result.replace(\"Error in inserting\", \"B\u0142\u0105d przy wprowadzaniu\");\n                            result = result.replace(\"to\", \"do\");\n                            result = result.replace(\"and\", \"i\");\n                        }\n                        $(\".inserterrorsendemailpolish\").html(result);\n                    }\n                    $(\".inserterrorsendemail\").show();\n                }\n                else if (result.indexOf(\"good\") != -1) {\n                    $(\".personemailerror\").hide();\n                }\n                else if (result.indexOf(Parse_error) != -1 || result.indexOf(Fatal_error) != -1) {\n                    result = hiddennewline + \"<span>\" + result + \"<\/span>\";\n                    Show_ConError(result, \"\", \"\");\n                }\n            },\n            error: function (xhr, status, error) {\n\n                if (error != \"\") {\n                    error = hiddennewline + \"<span>\" + error + \"<\/span>\";\n                    Show_ConError(error, \"\", \"\");\n                }\n                else if (status == \"error\") {\n                    status = xhr.responseText;\n                    status = hiddennewline + \"<span>\" + status + \"<\/span>\";\n                    Show_ConError(status, \"\", \"\");\n                }\n                else if (status != \"\") {\n                    status = hiddennewline + \"<span>\" + status + \"<\/span>\";\n                    Show_ConError(status, \"\", \"\");\n                }\n                else if (xhr != \"\") {\n                    xhr = hiddennewline + \"<span>\" + xhr + \"<\/span>\";\n                    Show_ConError(xhr, \"\", \"\");\n                }\n            }\n        });\n    });\n\n    $(document).on('click', '#RefreshPage', function () {\n        var selectedlanguage = typeLanguage.language;\n\n        if (selectedlanguage == \"polish\") {\n            location.href = location.protocol + doubleforwardslash + location.hostname + indexpage + senatepage + languagepolish;\n        }\n        else if (selectedlanguage == \"english\") {\n            location.href = location.protocol + doubleforwardslash + location.hostname + indexpage + senatepage;\n        }\n        else {\n            location.href = location.protocol + doubleforwardslash + location.hostname + indexpage + senatepage;\n        }\n    });\n\n    $(document).on('mouseover', '#RefreshPage', function () {\n\n        $(\"#RefreshPage\").css(\"background-color\", \"#CB0906\");\n\n    });\n\n    $(document).on('mouseout', '#RefreshPage', function () {\n\n        $(\"#RefreshPage\").css(\"background-color\", \"#61CE70\");\n\n    });\n<\/script>\n\t\t<\/div>\n\t\t\t\t<\/div>\n\t\t\t\t\t<\/div>\n\t\t<\/div>\n\t\t\t\t\t\t\t<\/div>\n\t\t<\/section>\n\t\t\t\t\t\t\t<\/div>\n\t\t","protected":false},"excerpt":{"rendered":"<p>Your Email has been sent to Senator . Email zosta\u0142 wys\u0142any do &nbsp;(). Start Over Rozpocznij Ponownie<\/p>\n","protected":false},"author":261,"featured_media":0,"parent":0,"menu_order":0,"comment_status":"closed","ping_status":"closed","template":"elementor_header_footer","meta":{"site-sidebar-layout":"no-sidebar","site-content-layout":"page-builder","ast-main-header-display":"","ast-hfb-above-header-display":"","ast-hfb-below-header-display":"","ast-hfb-mobile-header-display":"","site-post-title":"disabled","ast-breadcrumbs-content":"","ast-featured-img":"disabled","footer-sml-layout":"","theme-transparent-header-meta":"","adv-header-id-meta":"","stick-header-meta":"","header-above-stick-meta":"","header-main-stick-meta":"","header-below-stick-meta":"","footnotes":""},"_links":{"self":[{"href":"https:\/\/joinpasidev.org\/index.php\/wp-json\/wp\/v2\/pages\/9137"}],"collection":[{"href":"https:\/\/joinpasidev.org\/index.php\/wp-json\/wp\/v2\/pages"}],"about":[{"href":"https:\/\/joinpasidev.org\/index.php\/wp-json\/wp\/v2\/types\/page"}],"author":[{"embeddable":true,"href":"https:\/\/joinpasidev.org\/index.php\/wp-json\/wp\/v2\/users\/261"}],"replies":[{"embeddable":true,"href":"https:\/\/joinpasidev.org\/index.php\/wp-json\/wp\/v2\/comments?post=9137"}],"version-history":[{"count":0,"href":"https:\/\/joinpasidev.org\/index.php\/wp-json\/wp\/v2\/pages\/9137\/revisions"}],"wp:attachment":[{"href":"https:\/\/joinpasidev.org\/index.php\/wp-json\/wp\/v2\/media?parent=9137"}],"curies":[{"name":"wp","href":"https:\/\/api.w.org\/{rel}","templated":true}]}}